{"id":2,"date":"2013-02-14T11:51:04","date_gmt":"2013-02-14T09:51:04","guid":{"rendered":"http:\/\/bkramer.de\/edma\/?page_id=2"},"modified":"2022-12-11T18:27:59","modified_gmt":"2022-12-11T16:27:59","slug":"beispiel-seite","status":"publish","type":"page","link":"https:\/\/bkramer.de\/edma\/","title":{"rendered":""},"content":{"rendered":"<p><a href=\"http:\/\/bkramer.de\/edma\/img_0911\/\"><img decoding=\"async\" loading=\"lazy\" class=\"alignnone wp-image-729 size-full\" src=\"http:\/\/bkramer.de\/edma\/wp-content\/uploads\/2020\/11\/IMG_0911.jpg\" alt=\"\" width=\"2638\" height=\"2136\" srcset=\"https:\/\/bkramer.de\/edma\/wp-content\/uploads\/2020\/11\/IMG_0911.jpg 2638w, https:\/\/bkramer.de\/edma\/wp-content\/uploads\/2020\/11\/IMG_0911-300x243.jpg 300w, https:\/\/bkramer.de\/edma\/wp-content\/uploads\/2020\/11\/IMG_0911-768x622.jpg 768w, https:\/\/bkramer.de\/edma\/wp-content\/uploads\/2020\/11\/IMG_0911-1024x829.jpg 1024w, https:\/\/bkramer.de\/edma\/wp-content\/uploads\/2020\/11\/IMG_0911-371x300.jpg 371w\" sizes=\"(max-width: 2638px) 100vw, 2638px\" \/><\/a><\/p>\n<p style=\"text-align: center;\"><strong>Ein Roboter lernt Rasenm\u00e4hen<\/strong><\/p>\n<p style=\"text-align: center;\">Mit dieser Seite wollen wir euch zeigen, wie ihr euren eigenen Rasenm\u00e4h-Roboter bauen k\u00f6nnt.<\/p>\n<p style=\"text-align: center;\">Dabei haben wir versucht, nur einfache und leicht zu beschaffende Komponenten zu benutzen.<\/p>\n<p style=\"text-align: center;\">Auf den folgenden Seiten erfahrt ihr alles Notwendige \u00fcber die ben\u00f6tigten Teile, Baupl\u00e4ne und Software.<\/p>\n<p style=\"text-align: center;\"><a href=\"https:\/\/www.shop.bkramer.de\/index.php?artnr=EdMa_BAL\">Hier geht es zur Bauanleitung !<\/a><\/p>\n<p style=\"text-align: left;\"><input name=\"bn\" type=\"hidden\" value=\"PP-DonationsBF:btn_donate_SM.gif:NonHostedGuest\" \/><input name=\"bn\" type=\"hidden\" value=\"PP-DonationsBF:btn_donate_SM.gif:NonHostedGuest\" \/><\/p>\n<div align=\"center\">\n<form action=\"https:\/\/www.paypal.com\/cgi-bin\/webscr\" method=\"post\" target=\"_top\"><input alt=\"Jetzt einfach, schnell und sicher online bezahlen \u2013 mit PayPal.\" name=\"submit\" src=\"https:\/\/www.paypalobjects.com\/de_DE\/DE\/i\/btn\/btn_donate_SM.gif\" type=\"image\" \/><br \/>\n<img decoding=\"async\" loading=\"lazy\" src=\"https:\/\/www.paypalobjects.com\/de_DE\/i\/scr\/pixel.gif\" alt=\"\" width=\"1\" height=\"1\" border=\"0\" \/><\/p>\n<p style=\"text-align: center;\"><strong>EdMa &#8211; Live<br \/>\n<\/strong><\/p>\n<p style=\"text-align: center;\">Ich biete ab heute die M\u00f6glichkeit, sich in einem Live-Stream auszutauschen.<br \/>\nIn diesem erkl\u00e4re ich euch ein wenig \u00fcber die Programmierung und den Zusammenhang der einzelnen Dateien. Weiterhin m\u00f6chte ich gerne auf bei euch aufgetauchte Fragen antworten und L\u00f6sungsans\u00e4tze bieten.<\/p>\n<p>Abboniere unseren <a href=\"http:\/\/bkramer.de\/edma\/newsletter\/\">Newsletter<\/a> um keinen Live-Stream mehr zu verpassen.<\/p>\n<p><iframe loading=\"lazy\" src=\"https:\/\/www.youtube.com\/embed\/tij6z758Yaw?feature=player_detailpage\" width=\"640\" height=\"360\" frameborder=\"0\" allowfullscreen=\"allowfullscreen\"><\/iframe><iframe loading=\"lazy\" src=\"https:\/\/www.youtube.com\/embed\/jyN9i0tmhoU?feature=player_detailpage\" width=\"640\" height=\"360\" frameborder=\"0\" allowfullscreen=\"allowfullscreen\"><\/iframe><iframe loading=\"lazy\" src=\"https:\/\/www.youtube.com\/embed\/BzQuBYWG3_c?feature=player_detailpage\" width=\"640\" height=\"360\" frameborder=\"0\" allowfullscreen=\"allowfullscreen\"><\/iframe><br \/>\n<input height=\"0\" name=\"cmd\" type=\"hidden\" value=\"_donations\" width=\"0\" \/><br \/>\n<input height=\"0\" name=\"business\" type=\"hidden\" value=\"bastian.kramer@freenet.de\" width=\"0\" \/><br \/>\n<input height=\"0\" name=\"lc\" type=\"hidden\" value=\"DE\" width=\"0\" \/><br \/>\n<input height=\"0\" name=\"item_name\" type=\"hidden\" value=\"Projekt EDMA\" width=\"0\" \/><br \/>\n<input height=\"0\" name=\"no_note\" type=\"hidden\" value=\"0\" width=\"0\" \/><br \/>\n<input height=\"0\" name=\"currency_code\" type=\"hidden\" value=\"EUR\" width=\"0\" \/><br \/>\n<input height=\"0\" name=\"bn\" type=\"hidden\" value=\"PP-DonationsBF:btn_donate_SM.gif:NonHostedGuest\" width=\"0\" \/><\/p>\n<\/form>\n<\/div>\n","protected":false},"excerpt":{"rendered":"<p>Ein Roboter lernt Rasenm\u00e4hen Mit dieser Seite wollen wir euch zeigen, wie ihr euren eigenen Rasenm\u00e4h-Roboter bauen k\u00f6nnt. Dabei haben wir versucht, nur einfache und leicht zu beschaffende Komponenten zu benutzen. Auf den folgenden Seiten erfahrt ihr alles Notwendige \u00fcber &hellip; <a href=\"https:\/\/bkramer.de\/edma\/\">Weiterlesen <span class=\"meta-nav\">&rarr;<\/span><\/a><\/p>\n","protected":false},"author":1,"featured_media":0,"parent":0,"menu_order":0,"comment_status":"closed","ping_status":"closed","template":"sidebar-page.php","meta":[],"_links":{"self":[{"href":"https:\/\/bkramer.de\/edma\/wp-json\/wp\/v2\/pages\/2"}],"collection":[{"href":"https:\/\/bkramer.de\/edma\/wp-json\/wp\/v2\/pages"}],"about":[{"href":"https:\/\/bkramer.de\/edma\/wp-json\/wp\/v2\/types\/page"}],"author":[{"embeddable":true,"href":"https:\/\/bkramer.de\/edma\/wp-json\/wp\/v2\/users\/1"}],"replies":[{"embeddable":true,"href":"https:\/\/bkramer.de\/edma\/wp-json\/wp\/v2\/comments?post=2"}],"version-history":[{"count":68,"href":"https:\/\/bkramer.de\/edma\/wp-json\/wp\/v2\/pages\/2\/revisions"}],"predecessor-version":[{"id":814,"href":"https:\/\/bkramer.de\/edma\/wp-json\/wp\/v2\/pages\/2\/revisions\/814"}],"wp:attachment":[{"href":"https:\/\/bkramer.de\/edma\/wp-json\/wp\/v2\/media?parent=2"}],"curies":[{"name":"wp","href":"https:\/\/api.w.org\/{rel}","templated":true}]}}